 11*f + 14. Let u be v(6). Suppose 0 = -16*h + u*h + 268. Let l = 234 + h. Is l a prime number?
True
Suppose 0 = 4*l - 3*g - 11, -5*l = g + 2*g - 34. Let q(x) = 0 - x**2 + 2*x**2 - l - x. Is q(9) a prime number?
True
Is ((-54)/(-540))/((-2)/(-698380)) a prime number?
True
Suppose 346707 = 55*d - 28*d. Is d prime?
True
Let c be ((-9)/(-6))/((-6)/(-56)). Let u be c/(-35) - (-22)/5. Suppose 4*x - 5*o - 731 = -2*o, -u*o = 3*x - 567. Is x composite?
True
Let s = 15433 - 8150. Is s prime?
True
Let b = 12357 + 44806. Is b a prime number?
True
Is 70581*2*9/54 a prime number?
False
Is -1543*(14 + -17)*1/3 prime?
True
Let f(h) = h**2 - 26*h - 30. Let n be f(21). Let p = -41 - n. Is p prime?
False
Is 95935/70*(3 - -3) a prime number?
False
Suppose 0 = 4*b + 4*o - 20860, -2*b + 2*o + 0*o = -10442. Is b a prime number?
False
Let l be (1 - 0)*238/(-14). Let t = 70 + -39. Let c = l + t. Is c prime?
False
Let w be 0/2 + 3/1. Suppose -1246 = n - w*n. Is n prime?
False
Let h(s) = s + 9. Let y be h(-4). Suppose 0 = -7*b + y*b + 838. Is b a prime number?
True
Let z = 4 + -1. Suppose 5*d + 7*h - 2107 = z*h, -2*h - 413 = -d. Is d composite?
False
Suppose b - 4*b = -12. Suppose -b = 2*u + 4. Let p(j) = 20*j**2 - j + 5. Is p(u) a composite number?
True
Let k be (-643 - 1)*(-7 + -7 + 15). Is 0 + (k/(-2) - 3) a composite number?
True
Is (-26)/(-8) + 11/(-55 + 11) composite?
False
Let w = 26 + -23. Suppose -5*y = -5, w*p + 0*y + 2*y - 68 = 0. Is (-4)/(-22) - (-1910)/p composite?
True
Suppose -3*a + 4 = 4*i + a, 19 = -2*i + 5*a. Let x(d) = -23*d**2 + 5*d + 10. Let t be x(-7). Is (i - t/3) + -3 a composite number?
False
Suppose 5*w - 2*u = 6459, -4*w + 0*u + u + 5169 = 0. Is w prime?
False
Let y(s) = s + 14 - 2*s + s - 2*s. Let m be y(5). Let o(w) = 8*w**2 - 4*w - 1. Is o(m) a prime number?
False
Suppose 2*p = 5*k - 25391, -9*k + 7*k = 2*p - 10148. Is k prime?
True
Let k = 448 + 1340. Suppose 4*c = 4*w - 16, 6*w + 7 = w - 4*c. Is (k/(-24))/(w/(-10)) prime?
False
Let m(n) = n**3 + 33*n**2 + 2*n + 73. Let p be m(-33). Suppose p*d - 4567 = 7179. Is d a composite number?
True
Suppose -5*m = 1 - 11. Suppose v = -m*v + 381. Is v composite?
False
Suppose 38 = -3*w - 2*w + j, -18 = w + 5*j. Let x(k) = -5*k + 5. Let b(q) = -14*q + 16. Let i(u) = w*x(u) + 3*b(u). Is i(-13) composite?
True
Is 4482 + 0 + (-3 - -6)/(-3) a prime number?
True
Let a(i) = i**3 - 11*i**2 + 10*i - 8. Let h be a(10). Let w be h/(-6)*(0 - -6). Let p(l) = 45*l - 14. Is p(w) a composite number?
True
Suppose -5*q + 15117 = 6*w, -146 = w + 2*q - 2669. Is w a prime number?
False
Let v(x) = 6*x + 30. Let y be v(-4). Suppose -y*w = -9595 - 6095. Is w a composite number?
True
Suppose 36*t = 69*t - 290499. Is t a prime number?
True
Let l = 1156 + -515. Suppose -r + 146 = -l. Is r a prime number?
True
Suppose -2*i = i + 594. Let z = i - -309. Is z composite?
True
Let h be 1/(-1) + -2 + 25. Let o = h - -561. Is o a prime number?
False
Let i be -1*5 - (-5796)/(-23). Let c = -175 - i. Is c prime?
False
Let b be 4/(-14) - (1 - (-204)/(-28)). Suppose v - 1 = 0, g + 3*v + 17 = -4*g. Is (-13)/(-2)*(b + g) a prime number?
True
Suppose 12973 = 8*m - 6891. Is m a composite number?
True
Let j = 612 - 1082. Let o(m) = -3*m - 1. Let z be o(-1). Is j/8*(z - 6) prime?
False
Let k be (-12 - 8834)/(0 - 2). Let z = k + -1520. Is z composite?
False
Let z(l) = l**2 + 9*l + 4. Let g be z(-4). Let f(v) = -v**2 - 16*v - 3. Let o be f(g). Is 221 - (-2 + 3 + o) prime?
True
Suppose -4*s - 7820 = -5*y, -5*s = 7*y - 3*y + 9816. Let r = s + 2847. Is r a composite number?
False
Suppose 4025 = 5*y + 5*k, 4*k - 1254 = -2*y + 350. Suppose -s + 2*s = -4*l + y, l + s = 199. Is l a composite number?
True
Let q be (-8)/24 - 49/(-3). Suppose -5*g = -g - q. Suppose -5*b - p - p + 97 = 0, -p - g = 0. Is b a composite number?
True
Let g = -1561 - -2564. Let a = g + -462. Is a prime?
True
Let z = 81580 + -31661. Is z composite?
False
Suppose 4*x - 1176 = -4*s, -4*s = -8*s + 16. Let g = 3 + x. Is g composite?
False
Suppose 14*r - 5*r - 62217 = 0. Is r a composite number?
True
Suppose p - 5*m - 74188 = -19127, -8*p - m + 440406 = 0. Is p a composite number?
False
Let m(t) = 4*t**2 + 44*t + 61. Is m(21) a composite number?
False
Suppose -2*m = -3272 - 11426. Is m a prime number?
True
Suppose 0 = -3*t - 4*w + 7662, -4*t + 5*w = 2*w - 10241. Suppose 3*k = g - t, -4*g + 6*k = 4*k - 10242. Is g composite?
True
Let m(h) = -h - 1. Let r(u) = -6*u - 29. Let s(a) = 5*m(a) - r(a). Let x be s(-7). Let b(n) = -n**2 + 19*n - 15. Is b(x) composite?
False
Let l(t) = 956*t + 9. Let g(d) = 3*d + 43. Let j be g(-13). Is l(j) prime?
True
Let b(v) = -986*v + 16. Let f be b(3). Is f/(-5) + (-15)/(-25) composite?
True
Let u be 48/15 + (-2)/10. Suppose 0 = -u*m + 4 + 8. Suppose 5*b = 5*s + 625, -m*b + 636 - 126 = s. Is b a prime number?
True
Suppose 11*w - 92150 = 66657. Is w a prime number?
True
Is (3/3 - 0)*(3 + 876) a composite number?
True
Suppose -16 = 3*g - 4, -20 = -4*w + 2*g. Let u be 1 + (-1320)/(-1 - w). Suppose -u = -o - 30. Is o a composite number?
True
Is (61530/24 + -4)/(3/4) prime?
True
Let o(h) be the first derivative of 4*h**3/3 + 11*h**2/2 - 16*h - 16. Is o(-9) a composite number?
True
Let u = -16 - -18. Let x = u + 17. Suppose -q - 18 = -c, c = -5*q + 7 - x. Is c composite?
False
Let s = -16588 + 25946. Is s composite?
True
Let u(v) = 7*v**2 - 53*v - 85. Is u(26) prime?
False
Let b(d) = -2*d - 229. Let m(q) = -3*q - 230. Let k(x) = -4*b(x) + 3*m(x). Is k(0) a composite number?
True
Let f(o) be the second derivative of 187*o**4/12 + 5*o. Is f(-1) prime?
False
Let p(d) = d**2 - 1. Let r(l) = l**3 + 7*l**2 - 2*l - 3. Let u(g) = -4*p(g) + r(g). Is u(5) a composite number?
False
Suppose -42*u + 327472 = -346922. Is u prime?
True
Suppose 4*i - 5*l = 3066, -4*l + 3853 = -0*i + 5*i. Is i composite?
False
Is (0 - -5147)/(-4 - 20/(-4)) a composite number?
False
Is 16/72 + (-123712)/(-9) - -5 a prime number?
True
Let v be 6/(0 + 3) + 4605. Is v/5 - 14/35 a composite number?
True
Let b be ((-6)/8)/((-12)/32). Let x be ((-378)/(-24))/(b/56). Let z = x + -254. Is z composite?
True
Let s = -544 - -582. Is s a composite number?
True
Let d(u) = 827*u + 52. Is d(5) prime?
False
Let p(d) = 9*d**2 + 30*d + 203. Is p(-38) a prime number?
False
Suppose -2*c + 759 + 3049 = -2*v, -2*c + 3833 = 3*v. Is c prime?
False
Let x be (6 - 2)*(-7900)/(-16). Let g = x - 1276. Is g a composite number?
True
Suppose -8768 - 9790 = -6*o. Is o prime?
False
Let y(x) = 47*x**2 - x - 3. Let u be 160/(-90) + 2/(-9). Is y(u) prime?
False
Suppose 4*p - 10 = -2*d, p + 4*p - 5*d = 20. Suppose -4*h = -3*s + 8*s - 449, -p*s - 441 = -4*h. Is h a composite number?
True
Suppose 78000 = 12*c + 9156. Is c composite?
False
Let w be -20*2/(-15)*3. Suppose -4*c = -w - 28. Suppose c*a - 268 = 5*a. Is a prime?
True
Let m = -161 + 127. Let t = m - -1397. Is t prime?
False
Let t(v) = -2*v**3 + 22*v**2 - 16*v - 3. Is t(9) composite?
True
Suppose 0 = -10*i + 122349 - 43379. Is i a composite number?
True
Is 12/(192/(-387560))*-2 a composite number?
True
Suppose 5*o + 5*a + 3 = 33, 5*o - a = 30. Let g be ((-162)/4)/((-1)/o). Suppose -f + g = 6*y - 4*y, -4*y - 5*f = -489. Is y a composite number?
True
Let m(s) = -62*s + 136. Is m(-11) a prime number?
False
Suppose 189 + 61 = -5*h. Suppose -194 = -x - 5*k, 0 = 2*x - 3*k - 2*k - 403. Let s = h + x. Is s a prime number?
True
Suppose 0 = -4*t + 3*t - 10. Let g = t - -12. Let x(l) = 122*l**2 - 2*l + 1. Is x(g) a composite number?
True
Suppose -4*v = -2645 - 6179. Suppose 3*u = 2*q + 1781, -5*u - q + 784 = -v. Is u a prime number?
False
Suppose -2*f + 6*r + 4 = 2*r, -2*r = 4*f - 8. Let t(o) = -11*o + 0 + 9 - 1 + f. Is t(-11) a prime number?
True
Suppose 3*w + w - 24 = 0. Let h(f) = 19*f + 4. Let k be h(w). Let d = k + 25. Is d composite?
True
Suppose -p - 9744 = -5*s, -3*p - 518 + 6368 = 3*s. Is s a prime number?
True
Let y = -2491 + 5412. Is y prime?
False
Let f(z) = -6*z + 8 + 7*z + z. Let o be f(0). Suppose 0 = 2*n - o*n + 2334. Is n composite?
False
Let k(v) be the second derivative of -7*v**3/3 - 55*v**2/2 + 38*v. Is k(-12) composite?
False
Suppose t + 2 = 2*o - 4*o, -32 = 4*o - 5*t. Let a(f) = -7*f**2 - f - 185. Let g(n) = -4*n**2 - n - 92. Let u(d) = o*a(d) + 5*g(d). Is u(0) 